 number?
False
Suppose 2*f + f = -4*r + 1189, r + 2020 = 5*f. Suppose k = 856 + f. Is k prime?
True
Let l(s) = -44*s**3 + 14*s**2 - 8*s - 25. Is l(-6) prime?
False
Suppose 3*j - 66 = -3*v, -2*j + 4*j + 4*v - 54 = 0. Let o = -100 - j. Let h = o - -266. Is h a composite number?
False
Let r be (-4)/((-12)/3)*2. Suppose -3*x + 1550 = 3*k - r*x, 3*k - 1534 = -5*x. Let y = -261 + k. Is y prime?
True
Let l(s) = -55*s - 1. Let a = 17 + -13. Let i be l(a). Let d = i + 370. Is d a composite number?
False
Let x be ((-21)/(-15) + -1)*(10 + -5). Is x/7 - (-887)/7 prime?
True
Let g(k) = -2*k**3 + 33*k**2 - 31*k + 29. Let o(s) = s**3 - 17*s**2 + 16*s - 15. Let p(h) = -2*g(h) - 5*o(h). Is p(15) a composite number?
False
Let n(g) = 229*g**2 - 7*g - 9. Let k be n(-3). Suppose -10*m + k = -7*m. Is m prime?
True
Let n(h) = -h**2 + 6. Let r be n(-2). Suppose -r*v + 23 = -21. Is v composite?
True
Let u be -4 - -2 - 27/(-1). Suppose -u*g + 23*g = -2110. Is g composite?
True
Let s be 3/(-12) - ((-13458)/8 + 3). Suppose 5646 = 5*b - s. Is b prime?
False
Let f be -2*2/4*-89. Suppose -20 = 2*v - 4*k, 5*v - 2*k + 5*k = -f. Is (-17 - v)/((-1)/1043) a prime number?
False
Let s(t) = 10*t - 37. Let r(q) = -q**2 + 14*q + 2. Let l be r(13). Is s(l) composite?
False
Let m(h) = -83*h. Let s(n) = -2*n**2 + 11*n - 6. Let i be s(5). Is m(i) a prime number?
True
Let k = -1051 + 2027. Suppose -5*c - 161 = 5*r - k, 0 = r - 4. Is c a composite number?
True
Let k = -1547 + 2248. Is k composite?
False
Let o be 68/(-20) + 3 - (-8197)/5. Suppose 4*i + 1632 = 4*v, -v - 3*v - 3*i + o = 0. Is v a prime number?
True
Let i = 8823 + 29762. Is i composite?
True
Suppose 65525 + 17758 = 51*f. Is f a prime number?
False
Suppose 0 = 3*k + 22 + 26. Let x = k - -19. Suppose 3465 = x*p - 4*r, 0 = 5*p - 3*r - 544 - 5220. Is p composite?
False
Let z = -1662 + 2825. Let a be 4/(-1) + 0 - -3. Is (-1 + 0)/(a/z) a composite number?
False
Let j = 1143 + -814. Suppose -2*b = -b + 202. Let y = b + j. Is y composite?
False
Suppose 7*a - 725 = 3132. Is a composite?
True
Let z be ((-8)/(-10))/(32/10 + -3). Suppose 2*l + 1549 = j, -2*j = -0*j + z*l - 3122. Is j prime?
False
Let v be (3*21/6)/(4/24). Let r = v + 290. Is r a prime number?
True
Let m = -1603 + 4766. Is m prime?
True
Let a(m) = m**2 + 4*m - 12. Let p be a(-6). Suppose p = 4*j + 4*x - 932, 0*j - j + x + 237 = 0. Suppose 4*y = -5*h - 20 + j, 4*h - y = 172. Is h composite?
False
Let p(j) = 9*j**2 + 1. Let s be -3*1 + (-42)/(-6). Is p(s) a prime number?
False
Let d = 13 + -11. Suppose 2 = -2*r - d*j, 3*r - 1 = -2*j - 6. Is (-2005)/(-15) + 2/r composite?
True
Is (-10)/(-25) - ((-2278773)/35)/3 a composite number?
True
Let y(z) = -2*z - 22. Let u be y(-13). Suppose 0*o + 1964 = u*o. Is o a composite number?
False
Let b(o) = 21*o**2 - 10 + 3 - 2*o + 5*o - 7*o**2. Is b(12) a composite number?
True
Suppose -5*w + 61 = -199. Let v be (-5588)/13 + (-8)/w. Is 6/(-4)*v/15 composite?
False
Suppose 2*g + g + 999 = -3*b, 0 = 5*b + g + 1657. Is (-14)/(-3 + (-991)/b) composite?
True
Let o(b) = 2*b - 18. Let c be o(10). Suppose -73 - 63 = -4*z - c*k, 39 = z - 2*k. Is z a composite number?
True
Let c(x) = -x**3 + 16*x**2 - 17*x + 20. Let t be c(15). Let m(j) = j**2 + 13*j + 4. Let n be m(t). Let y = n + 181. Is y a composite number?
True
Let i = -1110 - -2903. Is i composite?
True
Is -1*((-43080)/32 + 1/4) prime?
False
Let f(v) = 16*v - 13. Let w(s) = -17*s + 14. Let q(p) = -6*f(p) - 7*w(p). Is q(5) a prime number?
False
Let d be -3 + 0 - -445 - 4. Let n be (-6)/39 + (-3402)/26. Let i = n + d. Is i a prime number?
True
Suppose -10*m + 9*m - 4 = 0. Let n be m + (-1122)/(-4)*2. Suppose 3*u + 2*k - n = 0, 0 = 3*u - 0*k + 4*k - 559. Is u prime?
False
Let z = 77 + 188. Suppose -u = 11 - 7. Is u + (z - (-4 - 0)) a composite number?
True
Is 17944 - -30*(-4)/24 composite?
False
Let m = 481 + -105. Let t = m - 159. Is t composite?
True
Suppose 3967 = 5*r + 582. Is r + (-1 - 0) + 3/3 prime?
True
Let m(d) = 19*d**2 + 2*d - 19. Is m(20) composite?
False
Suppose 200 = -2*c - 3*c. Let y = c + -68. Let z = 149 - y. Is z composite?
False
Let w(q) = -2*q + 12. Let j(g) = g**2 - g - 1. Let r be j(-2). Let d be w(r). Suppose 2*l = -l + d*u + 1207, -4*u + 407 = l. Is l prime?
False
Let k be -288 + (5/30 - 19/6). Let s = 238 - -180. Let g = k + s. Is g prime?
True
Suppose 4*l + 5*s = 9768, 2*s + 0 = -8. Is l a composite number?
False
Suppose f = 3*w - 8*w - 1450, -3*f - 5*w = 4330. Let o = f + 2939. Is o a composite number?
False
Let h(r) = -6*r - 2. Let y(x) = -x. Let s(k) = h(k) + 2*y(k). Is s(-6) prime?
False
Suppose u + 5*c = 1414, -4307 = -3*u - 108*c + 106*c. Is u prime?
True
Let u(a) = -4*a**3 + 17*a**2 + 19*a - 1. Is u(-6) composite?
False
Suppose 0 = 4*j + 20, -3*t - 4*j = 45 - 238. Suppose -5*z + 514 = 3*x, -729 - t = -5*x + 3*z. Is x a prime number?
True
Is -2357*(-5)/(5 + 0) a composite number?
False
Let t = 509 - -278. Is t prime?
True
Let i(r) = -70*r**2 + 9*r + 29. Let q(l) = -47*l**2 + 6*l + 19. Let k(z) = -5*i(z) + 8*q(z). Let a(t) be the first derivative of k(t). Is a(-8) composite?
False
Let h be 1/(3/6)*377. Let m = h + -319. Let b = -244 + m. Is b composite?
False
Is (-2 + -1)/((-4562)/(-2284) + -2) a prime number?
False
Suppose 0 = 29*g + 25970 - 213571. Is g prime?
True
Suppose 0*d - 8*d + 1445848 = 0. Is d prime?
True
Let m = 773 - 439. Suppose -2*z + 3 = 13, 3*j + z = 40. Is m/10 + (-6)/j composite?
True
Let m(f) = 4*f**2 - 6*f - 8. Let x be m(-5). Let u(b) = 4*b + 6. Let t be u(6). Suppose t = 4*w - x. Is w prime?
False
Suppose 42258 = -10*m + 16*m. Is m a composite number?
False
Suppose -448594 = -19*u - 64376. Is u a prime number?
False
Let t(j) = 3*j + 2013*j**2 - 2012*j**2 + 0*j + 1931 + j**3. Is t(0) a composite number?
False
Suppose -3*k - 25749 = -109488. Is k prime?
False
Is 6 + (19 - 13) + 12397 composite?
False
Let c(g) = -2015*g - 18. Is c(-5) a prime number?
False
Suppose 0 = -4*l + 12, 19*q - 5*l = 14*q + 233600. Is q a prime number?
True
Suppose -7*d - 25888 = -k - 7517, k + d = 18403. Is k a composite number?
True
Suppose -5*u = 2*s - 25, 3*u - 15 = -s - 1. Suppose -j - 2*j = -s*b - 16151, -3*j = -2*b - 16139. Is j prime?
False
Is (-8 + -2)/(-2 - 0) - -10128 a composite number?
False
Let g(f) be the second derivative of 395*f**4/6 + f**2/2 + 8*f - 5. Let p(v) = v**3 - 4*v**2 - 5*v - 1. Let x be p(5). Is g(x) composite?
True
Is (22 - -68329)/(2 + -1) a composite number?
False
Let p(y) = 39*y**2 + 6*y - 1. Is p(6) prime?
True
Suppose 44*u - 5065 = 8443. Is u prime?
True
Let i = 1172 - 531. Is i composite?
False
Suppose 14*v = 26*v - 109572. Is v composite?
True
Let g(v) = v**2 - v. Let r(x) = 55*x**2 + 6*x - 2. Let f(d) = 4*g(d) + r(d). Is f(1) a prime number?
True
Is (-1 + -7)*948993/(-456) a prime number?
True
Let l(c) = -282*c - 88. Is l(-13) a composite number?
True
Is (-3)/(18/37533)*(-7 - -5) composite?
False
Suppose u + 2*z = -15, 0*u + 60 = -5*u + 5*z. Let l be (13/(-3))/(4/(-48)). Let h = l - u. Is h a prime number?
False
Let g be (-4)/(-6)*66/4. Suppose -g*s = -10*s - 89. Is s prime?
True
Suppose 9*r - 12*r = 9, 2*z - 5*r - 62033 = 0. Is z prime?
False
Let w(h) = -h**3 + 32*h**2 - 148*h - 1. Is w(24) a composite number?
True
Suppose 0 = 4*w - 4, 2*w - 142 = -4*q - 0*w. Suppose 2*f - 27 = q. Let h = f - 18. Is h a composite number?
False
Is 11/(-88) + (-18281)/(-8) a prime number?
False
Suppose r - 2*m - 2*m + 457 = 0, 5*m = 2*r + 902. Let u = 388 - r. Is u a prime number?
True
Let o be (-12)/66 - 159/33. Let m(a) be the third derivative of a**6/120 + 2*a**5/15 + a**4/6 + a**3/2 - 3*a**2. Is m(o) prime?
False
Let k = -63 + 37. Suppose -4*z + 185 = p + 12, 3*p - 2*z - 449 = 0. Let i = k + p. Is i prime?
True
Let f(i) be the first derivative of -61*i**2/2 - 9*i + 10. Let b = 8 - 12. Is f(b) prime?
False
Let q(k) be the second derivative of 114*k**5/5 + 5*k**4/12 - k**3/2 - 3*k**2/2 + 22*k. Is q(2) composite?
False
Let i(a) be the second derivative of 0 - 74/3*a**3 - 3/2*a**2 - 5*a. Is i(-2) prime?
True
Let g(q) = q + 16. Let s be g(-11). Suppose 25 = s*d - 0*d, -15 = -4*z + d. Suppose -4*n + 66 = -3*b + 5*b, -n + z*b = 11. Is n a composite number?
True
Suppose w - 213 = -w - t, w - 105 = t. Let z = 305 - w. Is z prime?
True
Let k be 78/(3 + -2